 base 8, what is -507 - 5327133?
-5327642
In base 11, what is 507a4 + -7184?
44620
In base 8, what is -2602 + 131573?
126771
In base 13, what is -23 - 15b46cb?
-15b4721
In base 9, what is -1 - 2145311?
-2145312
In base 3, what is 111 + 1120022202212?
1120022210100
In base 3, what is 120220111110 + -1212?
120220102121
In base 6, what is -543302 - 1053?
-544355
In base 2, what is 111001101010001110 - 11011?
111001101001110011
In base 4, what is -22220331 - -30020?
-22130311
In base 13, what is 143cc + -1bb?
14211
In base 4, what is 23302323032 + -2?
23302323030
In base 15, what is 4ba - 21195?
-20bca
In base 15, what is -58900 - -68?
-58887
In base 13, what is 12ca007a + -5?
12ca0075
In base 10, what is -179 + 923945?
923766
In base 11, what is -4 - 929059?
-929062
In base 8, what is 157003 - 2514?
154267
In base 7, what is 106501461 + -22?
106501436
In base 8, what is -1742 - -174167?
172225
In base 2, what is -10 + -11111101000001000000101010?
-11111101000001000000101100
In base 15, what is 4 - -5c592?
5c596
In base 12, what is 890 - -22?
8b2
In base 4, what is -330111232132 + 11?
-330111232121
In base 8, what is -315773 - -476?
-315275
In base 5, what is -20041 - 3322?
-23413
In base 13, what is 17b693 - 174?
17b51c
In base 11, what is 2a14439 - 20?
2a14419
In base 9, what is -613377 + -500?
-613877
In base 3, what is 2 - 10212011201101?
-10212011201022
In base 6, what is -21254205 + 123?
-21254042
In base 8, what is 26000 + -325?
25453
In base 15, what is 18b59b8 - 0?
18b59b8
In base 5, what is -200132 - -103111?
-42021
In base 13, what is 118 - -39663?
3977b
In base 8, what is -2756 - -65021?
62043
In base 10, what is 1565898 - 5?
1565893
In base 15, what is -55 + 76695a?
766905
In base 5, what is 42 + -201300102?
-201300010
In base 8, what is 350 + 7612002?
7612352
In base 10, what is 435 + -47162?
-46727
In base 4, what is -1231 + -100132030222?
-100132032113
In base 16, what is -18c8ee + 7?
-18c8e7
In base 8, what is -14500 - -2302?
-12176
In base 7, what is -4004343452 - 2?
-4004343454
In base 14, what is -206a2578 + -4?
-206a257c
In base 5, what is 4230242 + 24?
4230321
In base 7, what is -52364605 + 116?
-52364456
In base 12, what is 65 + -54b7ba?
-54b755
In base 8, what is 51 - -371543?
371614
In base 2, what is 11101110 + -11001100110011101?
-11001100010101111
In base 16, what is -134 - 17027?
-1715b
In base 7, what is 14640 - -3542?
21512
In base 16, what is -1 - 5024864?
-5024865
In base 6, what is -43543310 + -52?
-43543402
In base 16, what is -4f7 + -1fdce?
-202c5
In base 13, what is -36c09c + -2b?
-36c0ca
In base 16, what is 4 - f1b2b?
-f1b27
In base 16, what is -10e52e83 + -5?
-10e52e88
In base 3, what is -101201120101101002 + 2?
-101201120101101000
In base 5, what is -1031 - 2013121?
-2014202
In base 8, what is -4004 + -14165?
-20171
In base 9, what is 10 - -3156165?
3156175
In base 9, what is -5 + -3788431?
-3788436
In base 3, what is 12021 + -1200211120020?
-1200211100222
In base 3, what is -1200220201112 + -2?
-1200220201121
In base 5, what is 143 + -2030412?
-2030214
In base 15, what is -1e - -95e8d9?
95e8ba
In base 8, what is -6077672 - 3?
-6077675
In base 16, what is -7b308 + 3d?
-7b2cb
In base 8, what is 140424200 - -27?
140424227
In base 10, what is -69 + -114148?
-114217
In base 16, what is -5c8 + dc36?
d66e
In base 8, what is -15 + -136023005?
-136023022
In base 15, what is c55 - -16b4?
2419
In base 9, what is -487 + -5247?
-5745
In base 16, what is -30c7 + -87?
-314e
In base 13, what is -1316b - b3?
-13251
In base 15, what is -1 + -16207d09?
-16207d0a
In base 5, what is -4044 - -2301?
-1243
In base 13, what is 4239 + -56c?
399a
In base 2, what is -11 - -1111010101101001101101101010?
1111010101101001101101100111
In base 6, what is -2111134 - -4020?
-2103114
In base 9, what is 2064 + -64127?
-62053
In base 2, what is 10111111010001 + 1011101110?
11001010111111
In base 5, what is 212022214421 + 3?
212022214424
In base 4, what is -2031 - -1012222002?
1012213311
In base 16, what is 6e24385 - 2?
6e24383
In base 16, what is -57f1a41 + -3?
-57f1a44
In base 7, what is 65 + 13426?
13524
In base 6, what is -5 + -255100100?
-255100105
In base 7, what is 3 + 261200030?
261200033
In base 12, what is b + 11010?
1101b
In base 10, what is -14783 + 12744?
-2039
In base 9, what is -2758000 + -5?
-2758005
In base 16, what is 251e2d + -5?
251e28
In base 9, what is 1 - -75810?
75811
In base 16, what is -2cfa01 - -4?
-2cf9fd
In base 16, what is -6 + c20aae?
c20aa8
In base 2, what is 1010010100001 - -10110110?
1010101010111
In base 8, what is -1 + 37414221?
37414220
In base 5, what is 1214 + 14030?
20244
In base 15, what is 2ad00 - 4bd?
2a832
In base 14, what is -37b80 + -b9?
-37c59
In base 12, what is -353a567 + -3?
-353a56a
In base 13, what is b507 + -2403?
9104
In base 8, what is -7724134 - 4?
-7724140
In base 10, what is 18685 + -14410?
4275
In base 6, what is 2515504 + 10501?
2530405
In base 7, what is 2250 - 534015?
-531435
In base 2, what is -101010110110 - -10101001010101100?
10100011111110110
In base 2, what is -1100000100011 - -100101011111?
-111011000100
In base 9, what is 4052 + -55848?
-51786
In base 7, what is -4 - 14043221?
-14043225
In base 3, what is 11011 + 12202011100101?
12202011111112
In base 5, what is 140 + 421124114?
421124304
In base 11, what is -4339946 - 5?
-4339950
In base 13, what is 9903233 + -1?
9903232
In base 7, what is -6001331 + 25?
-6001303
In base 13, what is 1 - -1a0a618?
1a0a619
In base 5, what is -110 - -10142004?
10141344
In base 9, what is -4360 - -8877?
4517
In base 14, what is -caa39 - -10?
-caa29
In base 6, what is -1300 - 54425434?
-54431134
In base 7, what is -611014 + -223?
-611240
In base 10, what is -27713 - 9132?
-36845
In base 10, what is 817795 - 98?
817697
In base 5, what is -131143414 - -30?
-131143334
In base 12, what is 2 - 14689986?
-14689984
In base 13, what is 13873b42 + -4?
13873b3b
In base 12, what is 744b81 + -328?
744855
In base 8, what is 462626 + -44?
462562
In base 13, what is -401a200 - 0?
-401a200
In base 4, what is 21212213312001 - -11?
21212213312012
In base 15, what is -a8a904 + -3c?
-a8a941
In base 8, what is 407 + 647750?
650357
In base 4, what is 11 - -30021033020022?
30021033020033
In base 13, what is -8b40b3c8 + 0?
-8b40b3c8
In base 11, what is 1 + 5a67927a?
5a679280
In base 11, what is -170 - 67793?
-67953
In base 15, what is 812886 - 9?
81287c
In base 4, what is -30 + -300230222112?
-300230222202
In base 7, what is -4452346 + -3020?
-4455366
In base 8, what is 1154111066 + -1?
1154111065
In base 15, what is 943025 - 13?
943012
In base 2, what is 111100000 + -111110101100?
-110111001100
In base 13, what is -105 - -304b2?
303aa
In base 15, what is -7ca8 + 11a?
-7b8d
In base 14, what is 1 - 1281856a?
-12818569
In base 14, what is -2cbc331 + -5?
-2cbc336
In base 2, what is -100 - -11111001000010110001100111?
11111001000010110001100011
In base 7, what is 315165 - -2666?
321164
In base 4, what is 3000331 - -11133020?
20200011
In base 8, what is 11167 + -53246?
-42057
In base 14, what is 42576 - -294?
4282a
In base 2, what is -10100 + -1010101110101001100010?
-1010101110101001110110
In base 5, what is 1 - -342310424121?
342310424122
In base 6, what is 5554 + -31113?
-21115
In base 11, what is 270101 - 29?
270083
In base 5, what is 113202010200 + 4?
113202010204
In base 10, what is 717 - 34081?
-33364
In base 16, what is 146599 - -115?
1466ae
In base 12, what is 1040b4 + -174?
103b40
In base 15, what is 1d96 + -9795?
-78ee
In base 4, what is 2022103003 + 1010?
2022110013
In base 16, what is 2aa410 - -17a?
2aa58a
In base 16, what is b385ea - -6?
b385f0
In base 12, what is -a829 - a30?
-b659
In base 12, what is 2223a414 - -2?
2223a416
In base 8, what is 1746166 + 24?
1746212
In base 11, what is -18153 + -7a1?
-18944
In base 8, what is 67 - -1154631?
1154720
In base 11, what is 5592042 - -11?
5592053
In base 12, what is 634 - 164b90?
-164558
In base 11, what is -40 - 151356?
-151396
In base 10, what is 3703 + 2957?
6660
In base 11, what is -2689606 - 0?
-2689606
In base 2, what is 111110011111 + 10111001100?
1010101101011
In base 11, what is -63 + 297?
234
In base 3, what is 220102112222 + -2121?
220102110101
In base 13, what is 32 + -2161cb9?
-2161c87
In base 10, wh